 of 693 and h?
33
Suppose -717*j - 36487 = -824*j. Calculate the greatest common factor of 62 and j.
31
Let r be ((-2)/5)/((-8)/160). Let x = -1539 - -1551. Calculate the greatest common divisor of r and x.
4
Let j = 25510 - 23401. Calculate the greatest common factor of j and 912.
57
Suppose -5*m = b - 2504, 2*m - 5 - 3 = 0. Suppose -20*t - 26*t = -b. What is the highest common divisor of t and 90?
18
Let x be (1 + (0 - 5))*(126/(-3) - -6). What is the greatest common divisor of x and 3120?
48
Suppose -6 = d + 4*k + 15, 3*d - k + 11 = 0. Let x be (-4)/(((-10)/1)/d). Let o be (12/(-4))/(x - (-116)/60). What is the highest common factor of o and 27?
9
Suppose -351*z = -405*z + 2646. Calculate the greatest common factor of z and 3.
1
Let y = -8238 + 8326. What is the greatest common factor of y and 1100?
44
Let z(g) = -g**3 - 10*g**2 - 5*g + 2. Let t be z(-6). Let p(i) = -79*i + 20. Let o be p(2). Let x = t - o. What is the highest common divisor of x and 26?
26
Let h = -428 + 521. Suppose -4*v = 8, -5*k + 5*v = v - h. Calculate the highest common factor of 459 and k.
17
Let s be (-3 + 20)*1265/935. Let u be 138*12/9 - (1 + -1). Calculate the greatest common divisor of s and u.
23
Let b(o) = o**2 - 168*o + 1140. Let m be b(7). What is the highest common factor of m and 3133?
13
Let i be 103760/360 - 2/9. Calculate the highest common divisor of i and 198.
18
Suppose -17 = -2*r - 3*h, -r - 6*h + 9*h - 14 = 0. Let o be (-3)/((-30)/4)*(-195)/(-78). Calculate the greatest common factor of r and o.
1
Let t be 7/(28/3000) - -7. Suppose -22*p + t = -35. What is the greatest common divisor of 306 and p?
18
Suppose n = -4*l + 7, -l + 28 = -0*n + 2*n. Let f = -34 + 39. Calculate the highest common divisor of n and f.
5
Let w be -2 + -15 + -4 + 8. Let c(t) = t**3 + 11*t**2 - 33*t - 7. Let i be c(w). Suppose -33*b + i = -27*b. Calculate the highest common factor of 112 and b.
14
Let l = 972 - 1186. Let c = 657 + -263. Let g = l + c. Calculate the highest common divisor of g and 20.
20
Let j = 88 + -55. Let b(o) = 19*o + 111. Let z be b(-5). Suppose -149 = -z*d + 203. Calculate the greatest common divisor of j and d.
11
Let o = -196593 + 196596. Let t(q) = 7*q. Let z be t(3). What is the greatest common divisor of o and z?
3
Suppose -3*x + 875 = -2*n + 3*n, 2*x - 576 = 3*n. Suppose x = 4*d - 437. What is the highest common divisor of 56 and d?
14
Let h be (-100)/8*12/(-15). Suppose 0 = 5*t + 10, 5*s = 5*t - 0 + h. Suppose 2*c - 166 - 58 = s. Calculate the greatest common divisor of 14 and c.
14
Let w = -21 + 162. Let j = -216 + w. Let v = j - -115. What is the highest common divisor of v and 60?
20
Let w be 4/6*66/4. Let j(m) = -151*m + 20751. Let q be j(134). Calculate the greatest common divisor of q and w.
11
Let z(b) = b**3 + 73*b**2 + 206*b - 175. Let w be z(-70). Calculate the greatest common factor of w and 30.
15
Let u be -8 - 6/(-3)*4. Suppose u = 32*o - 3701 - 14155. What is the greatest common divisor of o and 18?
18
Suppose 36090 = 48*i - 63750. What is the greatest common divisor of 480 and i?
160
Let i(f) = f**2 + f + 7. Let h be i(0). Let w = 12 - h. Let j = 172 + -117. What is the greatest common divisor of w and j?
5
Suppose 3960 = 35*h + 82*h + 48*h. Calculate the highest common factor of 78 and h.
6
Suppose 4*f - f + 4 = -h, 3*h = -5*f. Suppose 8*n - 1950 = -h*n. What is the greatest common divisor of 6 and n?
6
Suppose i + j - 80 = -2*i, -i + 2*j + 29 = 0. Let r(z) = -4*z + 25. Suppose 15*f = 31*f - 64. Let n be r(f). What is the highest common factor of n and i?
9
Let w = 299 - 17. What is the highest common factor of w and 1786?
94
Let u be 1/(1/(-2)*2)*-1. Suppose 2*v + 2*w - 4 = -12, v + 4*w + 16 = 0. Let q(f) = f**2 + 7. Let x be q(v). Calculate the greatest common factor of x and u.
1
Let l = 1725 - 1589. Let s(d) = -d**3 - 8*d**2 + 18*d + 14. Let a be s(-10). Calculate the greatest common factor of a and l.
34
Suppose -36 = p - 27. Let l(f) = f**3 - f - 12*f + 4*f**2 - 12 + 4*f**2. Let u be l(p). Calculate the highest common factor of u and 192.
24
Let m be 45974/14 + -10*(-11)/770. Calculate the highest common factor of m and 4.
4
Suppose 85*g - 170*g - 126*g + 1899 = 0. Suppose -230 = -4*s + 58. What is the highest common factor of g and s?
9
Let g(u) = 2*u**2 + 29*u + 134. Let b be g(-26). Calculate the greatest common factor of 24 and b.
12
Let h = -170 + 173. Suppose -4*f + 18 = -h*n + 2*n, -n + 2 = 0. Calculate the greatest common factor of 70 and f.
5
Suppose -168 = -2*t - 8. Let z(d) = -d + 3. Let f be z(6). Let h be ((-8)/f + 0)*12. Calculate the greatest common factor of h and t.
16
Let x be (-3)/(-12)*11/((-99)/(-324)) - -1. Suppose 3*l - 42 = -f, 2*f - l = -0*l + 119. Let i = -17 + f. Calculate the highest common divisor of x and i.
10
Let u = 925 - 913. Let o(x) be the second derivative of 2*x**3/3 + 6*x**2 - x. Let r be o(9). Calculate the greatest common factor of u and r.
12
Suppose 3*d - 39 = 87. Let q = -290 + 542. Suppose -52*s - q = -61*s. Calculate the greatest common factor of s and d.
14
Suppose 0 = 332*t - 320*t - 900. Calculate the greatest common divisor of t and 270.
15
Suppose -41*r + 6016 = -13*r + 36*r. Let h(a) = -2*a - 5. Let b be h(-5). Let o be ((-282)/b)/(2/(-5)). Calculate the highest common divisor of o and r.
47
Suppose 5*i + f + 6 = 0, i + 2*f = 6*i + 3. Let w be (-3)/3 + i + (3 - 2). Let s be w/(-2 - -1) - (-239 + -3). What is the highest common divisor of s and 27?
27
Suppose 4*d = 3*g - 4516, 15*g + 4504 = 18*g - d. What is the greatest common factor of g and 240?
60
Let k be -5 - (-160076)/68 - 3/51. What is the greatest common divisor of 81 and k?
81
Let j(g) = 5*g - 57. Let o be j(14). Suppose -1 = c + 10. Let f = c + o. Calculate the highest common divisor of 14 and f.
2
Let k = -286587 - -286620. Suppose -396 = 2*p - 1914. What is the greatest common factor of k and p?
33
Suppose 0 = -2*w - 4, -2*b + 19 - 3 = -4*w. Let p be (0 + -5 + b)*-5. Calculate the highest common factor of p and 10.
5
Let y(d) = 3*d. Let f(n) = -36*n + 15. Let j(m) = -f(m) - 15*y(m). Let l be j(-15). Calculate the highest common divisor of l and 12.
12
Suppose 33*x - 466083 - 77533 = -29*x. What is the greatest common divisor of x and 128?
64
Let l be 1/3 - ((-411092)/66 + 49). What is the highest common factor of l and 60?
60
Let v be (29 - 14) + -9 + (5 - 2). Calculate the greatest common factor of v and 1251.
9
Suppose 0 = -252*x - 2*x + 461772. What is the highest common divisor of 4 and x?
2
Suppose 4705 + 6365 = 9*q. What is the highest common factor of 105 and q?
15
Let g be ((-5)/5 - -20) + -1. Let s be (-18)/(-5)*(23 - 18). Calculate the greatest common divisor of g and s.
18
Suppose 2*s - 10*s + 2176 = 0. Let x be -4*((-10)/(-8) - s/2). Calculate the greatest common factor of 154 and x.
77
Let y(g) = -15*g - 15. Let a be (-3)/(-12) - 23/(-4). Let j(o) = -7*o + 37. Let c be j(a). Let k be y(c). What is the greatest common factor of k and 20?
20
Suppose -20*t + 64 = -4*t. Suppose -8 = 2*s, -5*s + 3472 = t*g - s. What is the highest common factor of 8 and g?
8
Let x(t) = 7*t + 805. Let b be x(-34). Calculate the greatest common factor of b and 168.
21
Let h(d) = d**2 - 3*d + 12. Let y = -145 - -152. Let u be h(y). Suppose 39*a - u*a = -2. Calculate the greatest common factor of 8 and a.
2
Let a = -211 + 275. Let t be (-22)/55 - 2/(-5). Suppose t = -3*v - 2*h + 46, 2*v + 2*h = -h + 29. Calculate the greatest common divisor of v and a.
16
Suppose 42*a - 30*a - 4*a - 209600 = 0. Calculate the highest common factor of 200 and a.
200
Let u be (-1386)/(-12)*(-2 - (-60)/18). Suppose 8*x = u + 206. Calculate the highest common divisor of x and 27.
9
Suppose 2*v = -2*v + 276. Suppose -h - 42*f = -47*f + 22, 3*h = -3*f + 24. Calculate the highest common factor of v and h.
3
Let a(r) = -7 + 4006*r**3 - 2014*r**3 - r - 2*r**2 - 2008*r**3. Let m be a(-3). What is the highest common divisor of m and 164?
82
Suppose -j + 2*p = 5*p + 9, 5*j - 3 = -3*p. Suppose 3*h = a - 313, -100*h - 883 = -j*a - 105*h. Calculate the highest common factor of a and 7.
7
Let r(f) = -3*f**2 - 3*f + 23. Let g be r(-6). Let m = -55 - g. Suppose 4*i - 5 = h - 27, 0 = -2*h + 2*i + 38. What is the greatest common factor of m and h?
6
Let u(d)